{"id":201,"date":"2016-02-06T16:24:21","date_gmt":"2016-02-06T15:24:21","guid":{"rendered":"http:\/\/intecma.biz\/?page_id=201"},"modified":"2018-08-02T08:33:28","modified_gmt":"2018-08-02T06:33:28","slug":"probleme-mit-der-webseite","status":"publish","type":"page","link":"https:\/\/intecma.biz\/personal-reinigung-gebaeude\/probleme-mit-der-webseite\/","title":{"rendered":"Hilfe"},"content":{"rendered":"<div class=\"fusion-fullwidth fullwidth-box fusion-builder-row-1 nonhundred-percent-fullwidth non-hundred-percent-height-scrolling\" style=\"--awb-background-position:left top;--awb-border-radius-top-left:0px;--awb-border-radius-top-right:0px;--awb-border-radius-bottom-right:0px;--awb-border-radius-bottom-left:0px;--awb-padding-top:20px;--awb-padding-bottom:20px;--awb-background-color:#f6f6f6;--awb-border-sizes-top:0px;--awb-border-sizes-bottom:0px;--awb-flex-wrap:wrap;\" ><div class=\"fusion-builder-row fusion-row\"><div class=\"fusion-layout-column fusion_builder_column fusion-builder-column-0 fusion_builder_column_1_1 1_1 fusion-one-full fusion-column-first fusion-column-last fusion-column-no-min-height\" style=\"--awb-bg-size:cover;--awb-margin-bottom:0px;\"><div class=\"fusion-column-wrapper fusion-flex-column-wrapper-legacy\"><div class=\"fusion-text fusion-text-1\"><p>Bitte entschuldigen Sie die aufgetretenen Probleme.<\/p>\n<p>Sollte die Darstellung der INTECMA-Remscheid Webseite auf Ihrem Anzeigeger\u00e4t fehlerhaft sein, so kann dies eine Reihe von Gr\u00fcnden haben. Stellen Sie bitte sicher, dass Sie die aktuellste Version Ihres Internet-Anzeige-Programms (Internet-Browser) installiert haben. Auch Ihr Betriebssystem sollte auf dem aktuellen Stand und mit allen Updates versorgt sein. Pr\u00fcfen Sie au\u00dferdem, ob Sie im Browser Java aktiviert haben. Sollte dies alles das Problem nicht l\u00f6sen, dann nutzen Sie einen anderen Browser und pr\u00fcfen, ob dort die Darstellung fehlerfrei ist (Internet-Browser k\u00f6nnen kostenfrei aus dem Internet geladen und installiert werden &#8211; g\u00e4ngige Browser sind Firefox, Google Chrome, Internet-Explorer, Safari und Opera).<\/p>\n<p>Die INTECMA-Webseite nutzt die aktuellsten Technologien wie HTML5, CSS3, Java usw. um eine responsive Darstellung zu erm\u00f6glichen. Leider unterst\u00fctzen nicht immer alle Browser alle aktuellen Features, sodass es zu Darstellungsproblemen kommen kann. Dar\u00fcber hinaus gibt es eine Vielzahl an &#8220;alten&#8221; sowie &#8220;neuen&#8221; genutzen Ger\u00e4ten. Nicht auf allen Ger\u00e4ten kann eine hundertprozentige fehlerfreie Darstellung gew\u00e4hrleistet werden. Nutzen Sie falls m\u00f6glich ein anderes Ger\u00e4t zum Surfen.<\/p>\n<p>Vielen Dank f\u00fcr Ihr Verst\u00e4ndnis!<br \/>\nIhr INTECMA-Webservice<\/p>\n<\/div><div class=\"fusion-clearfix\"><\/div><\/div><\/div><\/div><\/div>\n","protected":false},"excerpt":{"rendered":"","protected":false},"author":1,"featured_media":0,"parent":0,"menu_order":0,"comment_status":"closed","ping_status":"closed","template":"100-width.php","meta":{"footnotes":""},"class_list":["post-201","page","type-page","status-publish","hentry"],"_links":{"self":[{"href":"https:\/\/intecma.biz\/personal-reinigung-gebaeude\/wp-json\/wp\/v2\/pages\/201","targetHints":{"allow":["GET"]}}],"collection":[{"href":"https:\/\/intecma.biz\/personal-reinigung-gebaeude\/wp-json\/wp\/v2\/pages"}],"about":[{"href":"https:\/\/intecma.biz\/personal-reinigung-gebaeude\/wp-json\/wp\/v2\/types\/page"}],"author":[{"embeddable":true,"href":"https:\/\/intecma.biz\/personal-reinigung-gebaeude\/wp-json\/wp\/v2\/users\/1"}],"replies":[{"embeddable":true,"href":"https:\/\/intecma.biz\/personal-reinigung-gebaeude\/wp-json\/wp\/v2\/comments?post=201"}],"version-history":[{"count":7,"href":"https:\/\/intecma.biz\/personal-reinigung-gebaeude\/wp-json\/wp\/v2\/pages\/201\/revisions"}],"predecessor-version":[{"id":892,"href":"https:\/\/intecma.biz\/personal-reinigung-gebaeude\/wp-json\/wp\/v2\/pages\/201\/revisions\/892"}],"wp:attachment":[{"href":"https:\/\/intecma.biz\/personal-reinigung-gebaeude\/wp-json\/wp\/v2\/media?parent=201"}],"curies":[{"name":"wp","href":"https:\/\/api.w.org\/{rel}","templated":true}]}}